{"version":"1.0","provider_name":"GAD parroquial Santa Rosa","provider_url":"https:\/\/gpsantarosa.gob.ec\/napo","title":"Participaci\u00f3n como Consejero Provincial - GAD parroquial Santa Rosa","type":"rich","width":600,"height":338,"html":"<blockquote class=\"wp-embedded-content\" data-secret=\"ifumpWzUhF\"><a href=\"https:\/\/gpsantarosa.gob.ec\/napo\/participacion-como-consejero-provincial\/\">Participaci\u00f3n como Consejero Provincial<\/a><\/blockquote><iframe sandbox=\"allow-scripts\" security=\"restricted\" src=\"https:\/\/gpsantarosa.gob.ec\/napo\/participacion-como-consejero-provincial\/embed\/#?secret=ifumpWzUhF\" width=\"600\" height=\"338\" title=\"\u00abParticipaci\u00f3n como Consejero Provincial\u00bb \u2014 GAD parroquial Santa Rosa\" data-secret=\"ifumpWzUhF\" frameborder=\"0\" marginwidth=\"0\" marginheight=\"0\" scrolling=\"no\" class=\"wp-embedded-content\"><\/iframe><script type=\"text\/javascript\">\n\/* <![CDATA[ *\/\n\/*! This file is auto-generated *\/\n!function(d,l){\"use strict\";l.querySelector&&d.addEventListener&&\"undefined\"!=typeof URL&&(d.wp=d.wp||{},d.wp.receiveEmbedMessage||(d.wp.receiveEmbedMessage=function(e){var t=e.data;if((t||t.secret||t.message||t.value)&&!\/[^a-zA-Z0-9]\/.test(t.secret)){for(var s,r,n,a=l.querySelectorAll('iframe[data-secret=\"'+t.secret+'\"]'),o=l.querySelectorAll('blockquote[data-secret=\"'+t.secret+'\"]'),c=new RegExp(\"^https?:$\",\"i\"),i=0;i<o.length;i++)o[i].style.display=\"none\";for(i=0;i<a.length;i++)s=a[i],e.source===s.contentWindow&&(s.removeAttribute(\"style\"),\"height\"===t.message?(1e3<(r=parseInt(t.value,10))?r=1e3:~~r<200&&(r=200),s.height=r):\"link\"===t.message&&(r=new URL(s.getAttribute(\"src\")),n=new URL(t.value),c.test(n.protocol))&&n.host===r.host&&l.activeElement===s&&(d.top.location.href=t.value))}},d.addEventListener(\"message\",d.wp.receiveEmbedMessage,!1),l.addEventListener(\"DOMContentLoaded\",function(){for(var e,t,s=l.querySelectorAll(\"iframe.wp-embedded-content\"),r=0;r<s.length;r++)(t=(e=s[r]).getAttribute(\"data-secret\"))||(t=Math.random().toString(36).substring(2,12),e.src+=\"#?secret=\"+t,e.setAttribute(\"data-secret\",t)),e.contentWindow.postMessage({message:\"ready\",secret:t},\"*\")},!1)))}(window,document);\n\/\/# sourceURL=https:\/\/gpsantarosa.gob.ec\/napo\/wp-includes\/js\/wp-embed.min.js\n\/* ]]> *\/\n<\/script>\n","thumbnail_url":"https:\/\/gpsantarosa.gob.ec\/napo\/wp-content\/uploads\/2024\/07\/2-2.png","thumbnail_width":1200,"thumbnail_height":628,"description":"El Tnlgo. Efr\u00e9n P\u00e9rez presidente de la Parroquia de Santa Rosa particip\u00f3 en la entrega de una volqueta marca Sinotruk en Puerto Napo,\u00a0 en calidad de consejero provincial, junto al Prefecto Jos\u00e9 Toapanta. &nbsp;"}

Participación como Consejero Provincial - GAD parroquial Santa Rosa

<blockquote class="wp-embedded-content" data-secret="ifumpWzUhF"><a href="https://gpsantarosa.gob.ec/napo/participacion-como-consejero-provincial/">Participación como Consejero Provincial</a></blockquote><iframe sandbox="allow-scripts" security="restricted" src="https://gpsantarosa.gob.ec/napo/participacion-como-consejero-provincial/embed/#?secret=ifumpWzUhF" width="600" height="338" title="«Participación como Consejero Provincial» — GAD parroquial Santa Rosa" data-secret="ifumpWzUhF" frameborder="0" marginwidth="0" marginheight="0" scrolling="no" class="wp-embedded-content"></iframe><script type="text/javascript">
/* <![CDATA[ */
/*! This file is auto-generated */
!function(d,l){"use strict";l.querySelector&&d.addEventListener&&"undefined"!=typeof URL&&(d.wp=d.wp||{},d.wp.receiveEmbedMessage||(d.wp.receiveEmbedMessage=function(e){var t=e.data;if((t||t.secret||t.message||t.value)&&!/[^a-zA-Z0-9]/.test(t.secret)){for(var s,r,n,a=l.querySelectorAll('iframe[data-secret="'+t.secret+'"]'),o=l.querySelectorAll('blockquote[data-secret="'+t.secret+'"]'),c=new RegExp("^https?:$","i"),i=0;i<o.length;i++)o[i].style.display="none";for(i=0;i<a.length;i++)s=a[i],e.source===s.contentWindow&&(s.removeAttribute("style"),"height"===t.message?(1e3<(r=parseInt(t.value,10))?r=1e3:~~r<200&&(r=200),s.height=r):"link"===t.message&&(r=new URL(s.getAttribute("src")),n=new URL(t.value),c.test(n.protocol))&&n.host===r.host&&l.activeElement===s&&(d.top.location.href=t.value))}},d.addEventListener("message",d.wp.receiveEmbedMessage,!1),l.addEventListener("DOMContentLoaded",function(){for(var e,t,s=l.querySelectorAll("iframe.wp-embedded-content"),r=0;r<s.length;r++)(t=(e=s[r]).getAttribute("data-secret"))||(t=Math.random().toString(36).substring(2,12),e.src+="#?secret="+t,e.setAttribute("data-secret",t)),e.contentWindow.postMessage({message:"ready",secret:t},"*")},!1)))}(window,document);
//# sourceURL=https://gpsantarosa.gob.ec/napo/wp-includes/js/wp-embed.min.js
/* ]]> */
</script>

El Tnlgo. Efrén Pérez presidente de la Parroquia de Santa Rosa participó en la entrega de una volqueta marca Sinotruk en Puerto Napo,  en calidad de consejero provincial, junto al Prefecto José Toapanta. &nbsp;
