{"version":"1.0","provider_name":"GAD parroquial Santa Rosa","provider_url":"https:\/\/gpsantarosa.gob.ec\/napo","title":"Santa Rosa Enfrenta el Fuerte Temporal - GAD parroquial Santa Rosa","type":"rich","width":600,"height":338,"html":"<blockquote class=\"wp-embedded-content\" data-secret=\"cabDQUdVFb\"><a href=\"https:\/\/gpsantarosa.gob.ec\/napo\/santa-rosa-enfrenta-el-fuerte-temporal\/\">Santa Rosa Enfrenta el Fuerte Temporal<\/a><\/blockquote><iframe sandbox=\"allow-scripts\" security=\"restricted\" src=\"https:\/\/gpsantarosa.gob.ec\/napo\/santa-rosa-enfrenta-el-fuerte-temporal\/embed\/#?secret=cabDQUdVFb\" width=\"600\" height=\"338\" title=\"\u00abSanta Rosa Enfrenta el Fuerte Temporal\u00bb \u2014 GAD parroquial Santa Rosa\" data-secret=\"cabDQUdVFb\" frameborder=\"0\" marginwidth=\"0\" marginheight=\"0\" scrolling=\"no\" class=\"wp-embedded-content\"><\/iframe><script type=\"text\/javascript\">\n\/* <![CDATA[ *\/\n\/*! This file is auto-generated *\/\n!function(d,l){\"use strict\";l.querySelector&&d.addEventListener&&\"undefined\"!=typeof URL&&(d.wp=d.wp||{},d.wp.receiveEmbedMessage||(d.wp.receiveEmbedMessage=function(e){var t=e.data;if((t||t.secret||t.message||t.value)&&!\/[^a-zA-Z0-9]\/.test(t.secret)){for(var s,r,n,a=l.querySelectorAll('iframe[data-secret=\"'+t.secret+'\"]'),o=l.querySelectorAll('blockquote[data-secret=\"'+t.secret+'\"]'),c=new RegExp(\"^https?:$\",\"i\"),i=0;i<o.length;i++)o[i].style.display=\"none\";for(i=0;i<a.length;i++)s=a[i],e.source===s.contentWindow&&(s.removeAttribute(\"style\"),\"height\"===t.message?(1e3<(r=parseInt(t.value,10))?r=1e3:~~r<200&&(r=200),s.height=r):\"link\"===t.message&&(r=new URL(s.getAttribute(\"src\")),n=new URL(t.value),c.test(n.protocol))&&n.host===r.host&&l.activeElement===s&&(d.top.location.href=t.value))}},d.addEventListener(\"message\",d.wp.receiveEmbedMessage,!1),l.addEventListener(\"DOMContentLoaded\",function(){for(var e,t,s=l.querySelectorAll(\"iframe.wp-embedded-content\"),r=0;r<s.length;r++)(t=(e=s[r]).getAttribute(\"data-secret\"))||(t=Math.random().toString(36).substring(2,12),e.src+=\"#?secret=\"+t,e.setAttribute(\"data-secret\",t)),e.contentWindow.postMessage({message:\"ready\",secret:t},\"*\")},!1)))}(window,document);\n\/\/# sourceURL=https:\/\/gpsantarosa.gob.ec\/napo\/wp-includes\/js\/wp-embed.min.js\n\/* ]]> *\/\n<\/script>\n","thumbnail_url":"https:\/\/gpsantarosa.gob.ec\/napo\/wp-content\/uploads\/2025\/07\/4-1.png","thumbnail_width":700,"thumbnail_height":500,"description":"El Gobierno Aut\u00f3nomo Descentralizado Parroquial de Santa Rosa, lleva a cabo\u00a0trabajos de emergencia en el ramal San Bartolo, sector Santa Rosa Alto, con el objetivo de restablecer el tr\u00e1nsito vehicular seguro \ud83d\ude99\ud83d\udee3\ufe0f. Ante el asentamiento de la v\u00eda, se ejecut\u00f3 la construcci\u00f3n de una variante y se llevaron a cabo labores de limpieza y lastrado [&hellip;]"}

El Gobierno Autónomo Descentralizado Parroquial de Santa Rosa, lleva a cabo trabajos de emergencia en el ramal San Bartolo, sector Santa Rosa Alto, con el objetivo de restablecer el tránsito vehicular seguro 🚙🛣️. Ante el asentamiento de la vía, se ejecutó la construcción de una variante y se llevaron a cabo labores de limpieza y lastrado [&hellip;]
